{"id":879,"date":"2019-08-06T11:06:55","date_gmt":"2019-08-06T11:06:55","guid":{"rendered":"https:\/\/www.mgms.org\/WordPress\/?page_id=879"},"modified":"2025-09-07T09:44:00","modified_gmt":"2025-09-07T09:44:00","slug":"ymf-winners","status":"publish","type":"page","link":"https:\/\/www.mgms.org\/WordPress\/conferences\/past-meetings\/air-2024\/ymf-winners\/","title":{"rendered":"Previous winners of the MGMS Young Modellers Forum"},"content":{"rendered":"\n<h2>\u00a0<\/h2>\n<table style=\"width: 99.1901%; height: 3990px;\" cellpadding=\"10\">\n<tbody>\n<tr style=\"height: 63px;\">\n<td style=\"width: 61px; height: 63px;\"><strong>Year<\/strong><\/td>\n<td style=\"width: 347px; height: 63px;\"><strong>Presentation Winners (Alphabetical Order)<\/strong><\/td>\n<td style=\"width: 412px; height: 63px;\"><strong>Poster Winners (Alphabetical Order)<\/strong><\/td>\n<\/tr>\n<tr>\n<td style=\"width: 61px;\"><strong>2024<\/strong><\/td>\n<td style=\"width: 347px;\">Finlay Clark (University of Edinburgh)<\/td>\n<td style=\"width: 412px;\">Shubhangi Kandwal (Trinity College Dublin)<\/td>\n<\/tr>\n<tr>\n<td style=\"width: 61px;\"><strong>\u00a0<\/strong><\/td>\n<td style=\"width: 347px;\">Michael Strobl (TU Dortmund)<\/td>\n<td style=\"width: 412px;\">Aleksy Kwiatkowski (Oxford University)<\/td>\n<\/tr>\n<tr>\n<td style=\"width: 61px;\"><strong>\u00a0<\/strong><\/td>\n<td style=\"width: 347px;\">Margaux Haon (University of Liverpool)<\/td>\n<td style=\"width: 412px;\"><strong>\u00a0<\/strong><\/td>\n<\/tr>\n<tr>\n<td style=\"width: 61px;\"><strong>2023<\/strong><\/td>\n<td style=\"width: 347px;\">Peter E.G.F. Ibrahim (University of Dundee)<\/td>\n<td style=\"width: 412px;\">Jaida Begum (University of Bristol)<\/td>\n<\/tr>\n<tr>\n<td style=\"width: 61px;\"><strong>\u00a0<\/strong><\/td>\n<td style=\"width: 347px;\">Anna J\u00e4ckering (Heinrich-Heine University in D\u00fcsseldorf, and Forschungszentrum J\u00fclich)<\/td>\n<td style=\"width: 412px;\">Emily Sampey (University of Manchester)<\/td>\n<\/tr>\n<tr>\n<td style=\"width: 61px;\"><strong>\u00a0<\/strong><\/td>\n<td style=\"width: 347px;\">\n<p>Will Poole (University of Southampton)<\/p>\n<\/td>\n<td style=\"width: 412px;\"><strong>\u00a0<\/strong><\/td>\n<\/tr>\n<tr style=\"height: 42px;\">\n<td style=\"width: 61px; height: 42px;\">2022<\/td>\n<td style=\"width: 347px; height: 42px;\">Chelsea Brown (Warwick University)<\/td>\n<td style=\"width: 412px; height: 42px;\">\n<p>Huan Wang (University College London)<\/p>\n<\/td>\n<\/tr>\n<tr style=\"height: 42px;\">\n<td style=\"width: 61px; height: 42px;\">\u00a0<\/td>\n<td style=\"width: 347px; height: 42px;\">\n<p>Rachael Pirie (Newcastle University)<\/p>\n<\/td>\n<td style=\"width: 412px; height: 42px;\">Elise White (Bristol University)<\/td>\n<\/tr>\n<tr style=\"height: 42px;\">\n<td style=\"width: 61px; height: 42px;\">\u00a0<\/td>\n<td style=\"width: 347px; height: 42px;\">Morgan Thomas (Cambridge University)<\/td>\n<td style=\"width: 412px; height: 42px;\">\u00a0<\/td>\n<\/tr>\n<tr style=\"height: 42px;\">\n<td style=\"width: 61px; height: 42px;\">2021\/22<\/td>\n<td style=\"width: 347px; height: 42px;\">Kalila Cook (University of Leeds)<\/td>\n<td style=\"width: 412px; height: 42px;\">Chelsea Brown (Warwick University)<\/td>\n<\/tr>\n<tr style=\"height: 63px;\">\n<td style=\"width: 61px; height: 63px;\">\u00a0<\/td>\n<td style=\"width: 347px; height: 63px;\">Jenke Scheen (University of Edinburgh)<\/td>\n<td style=\"width: 412px; height: 63px;\">Derek van Tilborg (Eindhoven University of Technology)<\/td>\n<\/tr>\n<tr style=\"height: 63px;\">\n<td style=\"width: 61px; height: 63px;\">\u00a0<\/td>\n<td style=\"width: 347px; height: 63px;\">Dimitris Stamatis (University of Southampton)<\/td>\n<td style=\"width: 412px; height: 63px;\">\u00a0<\/td>\n<\/tr>\n<tr style=\"height: 42px;\">\n<td style=\"width: 61px; height: 42px;\">2020\/2021<\/td>\n<td style=\"width: 347px; height: 42px;\">Alice Brankin (University of Oxford)<\/td>\n<td style=\"width: 412px; height: 42px;\">Punam Rattu (University of Southampton)<\/td>\n<\/tr>\n<tr style=\"height: 42px;\">\n<td style=\"width: 61px; height: 42px;\"><strong>\u00a0<\/strong><\/td>\n<td style=\"width: 347px; height: 42px;\">Rhys Evans (University College London)<\/td>\n<td style=\"width: 412px; height: 42px;\">Jenke Scheen (University of Edinburgh)<\/td>\n<\/tr>\n<tr style=\"height: 63px;\">\n<td style=\"width: 61px; height: 63px;\">\u00a0<\/td>\n<td style=\"width: 347px; height: 63px;\">Lennart Gundelach (University of Southampton)<\/td>\n<td style=\"width: 412px; height: 63px;\">\u00a0<\/td>\n<\/tr>\n<tr style=\"height: 63px;\">\n<td style=\"width: 61px; height: 63px;\">2019<\/td>\n<td style=\"width: 347px; height: 63px;\">Viivi Hirvonen (University of Bristol)<\/td>\n<td style=\"width: 412px; height: 63px;\">Marius Kausas (The Francis Crick Institute\/Kings College London)<\/td>\n<\/tr>\n<tr style=\"height: 63px;\">\n<td style=\"width: 61px; height: 63px;\">\u00a0<\/td>\n<td style=\"width: 347px; height: 63px;\">Andrew Potterton (University College London)<\/td>\n<td style=\"width: 412px; height: 63px;\">Stamatia Zavitsanou (University of Oxford)<\/td>\n<\/tr>\n<tr style=\"height: 42px;\">\n<td style=\"width: 61px; height: 42px;\">\u00a0<\/td>\n<td style=\"width: 347px; height: 42px;\">Alistair Sterling (University of Oxford)<\/td>\n<td style=\"width: 412px; height: 42px;\">\u00a0<\/td>\n<\/tr>\n<tr style=\"height: 63px;\">\n<td style=\"width: 61px; height: 63px;\">2018<\/td>\n<td style=\"width: 347px; height: 63px;\">Timothy Burd (University of Oxford)<\/td>\n<td style=\"width: 412px; height: 63px;\">Silvia Amabilino (University of Bristol and NovaData Solutions)<\/td>\n<\/tr>\n<tr style=\"height: 63px;\">\n<td style=\"width: 61px; height: 63px;\">\u00a0<\/td>\n<td style=\"width: 347px; height: 63px;\">Jonathan Shearer (University of Southampton)<\/td>\n<td style=\"width: 412px; height: 63px;\">Joshua Carter (University of Oxford)<\/td>\n<\/tr>\n<tr style=\"height: 42px;\">\n<td style=\"width: 61px; height: 42px;\">\u00a0<\/td>\n<td style=\"width: 347px; height: 42px;\">Francesca Vianello (Imperial College)<\/td>\n<td style=\"width: 412px; height: 42px;\">\u00a0<\/td>\n<\/tr>\n<tr style=\"height: 42px;\">\n<td style=\"width: 61px; height: 42px;\">2017<\/td>\n<td style=\"width: 347px; height: 42px;\">Adam Baskerville (University of Sussex)<\/td>\n<td style=\"width: 412px; height: 42px;\">Marc Daemgen (University of Oxford)<\/td>\n<\/tr>\n<tr style=\"height: 63px;\">\n<td style=\"width: 61px; height: 63px;\">\u00a0<\/td>\n<td style=\"width: 347px; height: 63px;\">Hannah Bruce Macdonald (University of Southampton)<\/td>\n<td style=\"width: 412px; height: 63px;\">Ricardo Parra-Cruz (University of Nottingham)<\/td>\n<\/tr>\n<tr style=\"height: 42px;\">\n<td style=\"width: 61px; height: 42px;\">\u00a0<\/td>\n<td style=\"width: 347px; height: 42px;\">Nick Fowler (University of Manchester)<\/td>\n<td style=\"width: 412px; height: 42px;\">\u00a0<\/td>\n<\/tr>\n<tr style=\"height: 42px;\">\n<td style=\"width: 61px; height: 42px;\">2016<\/td>\n<td style=\"width: 347px; height: 42px;\">Richard Lewis (University of Cambridge)<\/td>\n<td style=\"width: 412px; height: 42px;\">Julian Gaberle (University College, London)<\/td>\n<\/tr>\n<tr style=\"height: 63px;\">\n<td style=\"width: 61px; height: 63px;\">\u00a0<\/td>\n<td style=\"width: 347px; height: 63px;\">Joshua Meyers (Institute of Cancer Research)<\/td>\n<td style=\"width: 412px; height: 63px;\">Fiona Naughton (University of Oxford)<\/td>\n<\/tr>\n<tr style=\"height: 63px;\">\n<td style=\"width: 61px; height: 63px;\">\u00a0<\/td>\n<td style=\"width: 347px; height: 63px;\">Vladimiras Oleinikovas (University College London)<\/td>\n<td style=\"width: 412px; height: 63px;\">\u00a0<\/td>\n<\/tr>\n<tr style=\"height: 42px;\">\n<td style=\"width: 61px; height: 42px;\">2015<\/td>\n<td style=\"width: 347px; height: 42px;\">Philippe Wilson (University of Bath)<\/td>\n<td style=\"width: 412px; height: 42px;\">Magdalena Zwierzyna (University College London)<\/td>\n<\/tr>\n<tr style=\"height: 42px;\">\n<td style=\"width: 61px; height: 42px;\">\u00a0<\/td>\n<td style=\"width: 347px; height: 42px;\">Eva Nittinger (University of Hamburg)<\/td>\n<td style=\"width: 412px; height: 42px;\">Alessandra Lacetera (CSIC Madrid)<\/td>\n<\/tr>\n<tr style=\"height: 42px;\">\n<td style=\"width: 61px; height: 42px;\">\u00a0<\/td>\n<td style=\"width: 347px; height: 42px;\">Matteo Aldeghi (University of Oxford)<\/td>\n<td style=\"width: 412px; height: 42px;\">\u00a0<\/td>\n<\/tr>\n<tr style=\"height: 63px;\">\n<td style=\"width: 61px; height: 63px;\">2014<\/td>\n<td style=\"width: 347px; height: 63px;\">Nicholas Firth (Institute of Cancer Research)<\/td>\n<td style=\"width: 412px; height: 63px;\">Kathryn Kellett (University of Hertfordshire)<\/td>\n<\/tr>\n<tr style=\"height: 42px;\">\n<td style=\"width: 61px; height: 42px;\">\u00a0<\/td>\n<td style=\"width: 347px; height: 42px;\">Michael Limb (University of Bristol)<\/td>\n<td style=\"width: 412px; height: 42px;\">Ioanna-Danai Styliari (University of Nottingham)<\/td>\n<\/tr>\n<tr style=\"height: 42px;\">\n<td style=\"width: 61px; height: 42px;\">\u00a0<\/td>\n<td style=\"width: 347px; height: 42px;\">Lewis Smeeton (University of Birmingham)<\/td>\n<td style=\"width: 412px; height: 42px;\">\u00a0<\/td>\n<\/tr>\n<tr style=\"height: 63px;\">\n<td style=\"width: 61px; height: 63px;\">2013<\/td>\n<td style=\"width: 347px; height: 63px;\">Therese Bergendahl (Heriot-Watt University)<\/td>\n<td style=\"width: 412px; height: 63px;\">Rosana Alderson (University of St Andrews)<\/td>\n<\/tr>\n<tr style=\"height: 42px;\">\n<td style=\"width: 61px; height: 42px;\">\u00a0<\/td>\n<td style=\"width: 347px; height: 42px;\">John Clark (University of Bath)<\/td>\n<td style=\"width: 412px; height: 42px;\">Michael Limb (Bristol University)<\/td>\n<\/tr>\n<tr style=\"height: 63px;\">\n<td style=\"width: 61px; height: 63px;\">\u00a0<\/td>\n<td style=\"width: 347px; height: 63px;\">Robbie Mackenzie (Nottingham University)<\/td>\n<td style=\"width: 412px; height: 63px;\">\u00a0<\/td>\n<\/tr>\n<tr style=\"height: 63px;\">\n<td style=\"width: 61px; height: 63px;\">2012<\/td>\n<td style=\"width: 347px; height: 63px;\">Christopher Bull (University of Southampton)<\/td>\n<td style=\"width: 412px; height: 63px;\">Sara Kramar (UCL Department of Pharmacy)<\/td>\n<\/tr>\n<tr style=\"height: 42px;\">\n<td style=\"width: 61px; height: 42px;\">\u00a0<\/td>\n<td style=\"width: 347px; height: 42px;\">Teresa Paramo (University of Cambridge)<\/td>\n<td style=\"width: 412px; height: 42px;\">Joanna Lee (University of Oxford)<\/td>\n<\/tr>\n<tr style=\"height: 63px;\">\n<td style=\"width: 61px; height: 63px;\">\u00a0<\/td>\n<td style=\"width: 347px; height: 63px;\">Dinesh Vatvani (University of Cambridge \/ CCDC)<\/td>\n<td style=\"width: 412px; height: 63px;\">\u00a0<\/td>\n<\/tr>\n<tr style=\"height: 63px;\">\n<td style=\"width: 61px; height: 63px;\">2011<\/td>\n<td style=\"width: 347px; height: 63px;\">Michael Bodnarchuk &#8211; University of Southampton<\/td>\n<td style=\"width: 412px; height: 63px;\">Sarah Langdon &#8211; Institute of Cancer Research, London<\/td>\n<\/tr>\n<tr style=\"height: 42px;\">\n<td style=\"width: 61px; height: 42px;\">\u00a0<\/td>\n<td style=\"width: 347px; height: 42px;\">Jerome Ma &#8211; University of Oxford<\/td>\n<td style=\"width: 412px; height: 42px;\">Barbara Sander &#8211; University of Southampton<\/td>\n<\/tr>\n<tr style=\"height: 42px;\">\n<td style=\"width: 61px; height: 42px;\">\u00a0<\/td>\n<td style=\"width: 347px; height: 42px;\">Sereina Riniker &#8211; ETH Zurich, Switzerland<\/td>\n<td style=\"width: 412px; height: 42px;\">\u00a0<\/td>\n<\/tr>\n<tr style=\"height: 63px;\">\n<td style=\"width: 61px; height: 63px;\">2010<\/td>\n<td style=\"width: 347px; height: 63px;\">Paul Ashford &#8211; Birkbeck College, University of London<\/td>\n<td style=\"width: 412px; height: 63px;\">Daniel Mason &#8211; University of Southampton<\/td>\n<\/tr>\n<tr style=\"height: 63px;\">\n<td style=\"width: 61px; height: 63px;\">\u00a0<\/td>\n<td style=\"width: 347px; height: 63px;\">Ignasi Buch &#8211; Universitat Pompeu Fabra, Barcelona<\/td>\n<td style=\"width: 412px; height: 63px;\">Richard Sherhod &#8211; University of Sheffield<\/td>\n<\/tr>\n<tr style=\"height: 42px;\">\n<td style=\"width: 61px; height: 42px;\">\u00a0<\/td>\n<td style=\"width: 347px; height: 42px;\">Kerensa Houghton &#8211; University of Bristol<\/td>\n<td style=\"width: 412px; height: 42px;\">\u00a0<\/td>\n<\/tr>\n<tr style=\"height: 42px;\">\n<td style=\"width: 61px; height: 42px;\">2009<\/td>\n<td style=\"width: 347px; height: 42px;\">Michelle Sahai &#8211; University of Oxford<\/td>\n<td style=\"width: 412px; height: 42px;\">Antreas Kalli &#8211; University of Oxford<\/td>\n<\/tr>\n<tr style=\"height: 63px;\">\n<td style=\"width: 61px; height: 63px;\">\u00a0<\/td>\n<td style=\"width: 347px; height: 63px;\">Steven Smith &#8211; University of Cambridge<\/td>\n<td style=\"width: 412px; height: 63px;\">Jarmilla Husby &#8211; University of London, School of Pharmacy<\/td>\n<\/tr>\n<tr style=\"height: 63px;\">\n<td style=\"width: 61px; height: 63px;\">\u00a0<\/td>\n<td style=\"width: 347px; height: 63px;\">Nadia Vahdati &#8211; University of Southampton<\/td>\n<td style=\"width: 412px; height: 63px;\">\u00a0<\/td>\n<\/tr>\n<tr style=\"height: 63px;\">\n<td style=\"width: 61px; height: 63px;\">2008<\/td>\n<td style=\"width: 347px; height: 63px;\">Sheeba Jem Irudayam &#8211; University of Manchester<\/td>\n<td style=\"width: 412px; height: 63px;\">Christofer Jaeger &#8211; University of Erlangen, Nuremberg<\/td>\n<\/tr>\n<tr style=\"height: 42px;\">\n<td style=\"width: 61px; height: 42px;\">\u00a0<\/td>\n<td style=\"width: 347px; height: 42px;\">Richard Martin &#8211; University of Sheffield<\/td>\n<td style=\"width: 412px; height: 42px;\">Lisa Simpson &#8211; University of Essex<\/td>\n<\/tr>\n<tr style=\"height: 42px;\">\n<td style=\"width: 61px; height: 42px;\">\u00a0<\/td>\n<td style=\"width: 347px; height: 42px;\">Katie Shaw &#8211; University of Bristol<\/td>\n<td style=\"width: 412px; height: 42px;\">\u00a0<\/td>\n<\/tr>\n<tr style=\"height: 42px;\">\n<td style=\"width: 61px; height: 42px;\">2007<\/td>\n<td style=\"width: 347px; height: 42px;\">Florian Nigsch &#8211; University of Cambridge<\/td>\n<td style=\"width: 412px; height: 42px;\">George Chellapa &#8211; University of Southampton<\/td>\n<\/tr>\n<tr style=\"height: 42px;\">\n<td style=\"width: 61px; height: 42px;\">\u00a0<\/td>\n<td style=\"width: 347px; height: 42px;\">Hina Patel &#8211; University of Sheffield<\/td>\n<td style=\"width: 412px; height: 42px;\">Juliette Pradon &#8211; University of Bristol<\/td>\n<\/tr>\n<tr style=\"height: 42px;\">\n<td style=\"width: 61px; height: 42px;\">\u00a0<\/td>\n<td style=\"width: 347px; height: 42px;\">Ranjit Vijayan &#8211; University of Oxford<\/td>\n<td style=\"width: 412px; height: 42px;\">\u00a0<\/td>\n<\/tr>\n<tr style=\"height: 42px;\">\n<td style=\"width: 61px; height: 42px;\">2006<\/td>\n<td style=\"width: 347px; height: 42px;\">Mario Orsi &#8211; University of Southampton<\/td>\n<td style=\"width: 412px; height: 42px;\">Oliver Clarke &#8211; University of Leeds<\/td>\n<\/tr>\n<tr style=\"height: 42px;\">\n<td style=\"width: 61px; height: 42px;\">\u00a0<\/td>\n<td style=\"width: 347px; height: 42px;\">Robert Paton &#8211; University of Cambridge<\/td>\n<td style=\"width: 412px; height: 42px;\">Michelle Szeto &#8211; University of Bristol<\/td>\n<\/tr>\n<tr style=\"height: 63px;\">\n<td style=\"width: 61px; height: 63px;\">\u00a0<\/td>\n<td style=\"width: 347px; height: 63px;\">Ute Seidel &#8211; University of Erlangen, Nuremberg<\/td>\n<td style=\"width: 412px; height: 63px;\">\u00a0<\/td>\n<\/tr>\n<tr style=\"height: 63px;\">\n<td style=\"width: 61px; height: 63px;\">2005<\/td>\n<td style=\"width: 347px; height: 63px;\">Paul Czodrowski &#8211; Philipps-University, Marburg<\/td>\n<td style=\"width: 412px; height: 63px;\">Nick Burgoyne &#8211; University of Leeds<\/td>\n<\/tr>\n<tr style=\"height: 42px;\">\n<td style=\"width: 61px; height: 42px;\">\u00a0<\/td>\n<td style=\"width: 347px; height: 42px;\">Sally Mardikian &#8211; University of Sheffield<\/td>\n<td style=\"width: 412px; height: 42px;\">Christof Gerlach &#8211; Philipps-University, Marburg<\/td>\n<\/tr>\n<tr style=\"height: 42px;\">\n<td style=\"width: 61px; height: 42px;\">\u00a0<\/td>\n<td style=\"width: 347px; height: 42px;\">Jolanta Zurek &#8211; University of Bristol<\/td>\n<td style=\"width: 412px; height: 42px;\">\u00a0<\/td>\n<\/tr>\n<tr style=\"height: 42px;\">\n<td style=\"width: 61px; height: 42px;\">2004<\/td>\n<td style=\"width: 347px; height: 42px;\">Biggi Albrecht &#8211; University of Oxford<\/td>\n<td style=\"width: 412px; height: 42px;\">Shiva Amiri &#8211; University of Oxford<\/td>\n<\/tr>\n<tr style=\"height: 42px;\">\n<td style=\"width: 61px; height: 42px;\">\u00a0<\/td>\n<td style=\"width: 347px; height: 42px;\">Simon Cottrell &#8211; University of Sheffield<\/td>\n<td style=\"width: 412px; height: 42px;\">Ingrid Socorro &#8211; University of Cambridge<\/td>\n<\/tr>\n<tr style=\"height: 42px;\">\n<td style=\"width: 61px; height: 42px;\">\u00a0<\/td>\n<td style=\"width: 347px; height: 42px;\">Julien Michel &#8211; University of Southampton<\/td>\n<td style=\"width: 412px; height: 42px;\">\u00a0<\/td>\n<\/tr>\n<tr style=\"height: 42px;\">\n<td style=\"width: 61px; height: 42px;\"><strong>Year<\/strong><\/td>\n<td style=\"width: 347px; height: 42px;\"><strong>Presentation Winners<\/strong><\/td>\n<td style=\"width: 412px; height: 42px;\"><strong>Poster Winner<\/strong><\/td>\n<\/tr>\n<tr style=\"height: 42px;\">\n<td style=\"width: 61px; height: 42px;\">2003<\/td>\n<td style=\"width: 347px; height: 42px;\">1st: Anna Bowmann &#8211; University of Bristol<\/td>\n<td style=\"width: 412px; height: 42px;\">Christine Bathelt &#8211; University of Bristol<\/td>\n<\/tr>\n<tr style=\"height: 63px;\">\n<td style=\"width: 61px; height: 63px;\">\u00a0<\/td>\n<td style=\"width: 347px; height: 63px;\">2nd: Adrian Wiley &#8211; University of Southampton<\/td>\n<td style=\"width: 412px; height: 63px;\">\u00a0<\/td>\n<\/tr>\n<tr style=\"height: 63px;\">\n<td style=\"width: 61px; height: 63px;\">\u00a0<\/td>\n<td style=\"width: 347px; height: 63px;\">3rd: Roma Oakes &#8211; Queen&#8217;s University of Belfast<\/td>\n<td style=\"width: 412px; height: 63px;\">\u00a0<\/td>\n<\/tr>\n<tr style=\"height: 42px;\">\n<td style=\"width: 61px; height: 42px;\">2002<\/td>\n<td style=\"width: 347px; height: 42px;\">1st: Gail Bartlett &#8211; EBI<\/td>\n<td style=\"width: 412px; height: 42px;\">Robert Gledhill &#8211; University of Southampton<\/td>\n<\/tr>\n<tr style=\"height: 42px;\">\n<td style=\"width: 61px; height: 42px;\">\u00a0<\/td>\n<td style=\"width: 347px; height: 42px;\">2nd: Ross Walker &#8211; Imperial College<\/td>\n<td style=\"width: 412px; height: 42px;\">\u00a0<\/td>\n<\/tr>\n<tr style=\"height: 42px;\">\n<td style=\"width: 61px; height: 42px;\">\u00a0<\/td>\n<td style=\"width: 347px; height: 42px;\">3rd: Sundeep Deol &#8211; University of Oxford<\/td>\n<td style=\"width: 412px; height: 42px;\">\u00a0<\/td>\n<\/tr>\n<tr style=\"height: 42px;\">\n<td style=\"width: 61px; height: 42px;\">2001<\/td>\n<td style=\"width: 347px; height: 42px;\">1st: Samantha Hughes &#8211; Imperial College<\/td>\n<td style=\"width: 412px; height: 42px;\">Daniele Bemporad &#8211; University of Southampton<\/td>\n<\/tr>\n<tr style=\"height: 63px;\">\n<td style=\"width: 61px; height: 63px;\">\u00a0<\/td>\n<td style=\"width: 347px; height: 63px;\">2nd: Christopher Woods &#8211; University of Southampton<\/td>\n<td style=\"width: 412px; height: 63px;\">\u00a0<\/td>\n<\/tr>\n<tr style=\"height: 63px;\">\n<td style=\"width: 61px; height: 63px;\">\u00a0<\/td>\n<td style=\"width: 347px; height: 63px;\">3rd: Charlotte Capener &#8211; University of Oxford<\/td>\n<td style=\"width: 412px; height: 63px;\">\u00a0<\/td>\n<\/tr>\n<tr style=\"height: 42px;\">\n<td style=\"width: 61px; height: 42px;\">2000<\/td>\n<td style=\"width: 347px; height: 42px;\">1st: Paul Watson &#8211; University of Sheffield<\/td>\n<td style=\"width: 412px; height: 42px;\">\u00a0<\/td>\n<\/tr>\n<tr style=\"height: 63px;\">\n<td style=\"width: 61px; height: 63px;\">\u00a0<\/td>\n<td style=\"width: 347px; height: 63px;\">2nd: Christina Grindon &#8211; University of Nottingham<\/td>\n<td style=\"width: 412px; height: 63px;\">\u00a0<\/td>\n<\/tr>\n<tr style=\"height: 63px;\">\n<td style=\"width: 61px; height: 63px;\">\u00a0<\/td>\n<td style=\"width: 347px; height: 63px;\">3rd: Stuart Rison &#8211; University College London<\/td>\n<td style=\"width: 412px; height: 63px;\">\u00a0<\/td>\n<\/tr>\n<tr style=\"height: 63px;\">\n<td style=\"width: 61px; height: 63px;\">1999<\/td>\n<td style=\"width: 347px; height: 63px;\">1st: Caroline Hadley &#8211; University of Warwick<\/td>\n<td style=\"width: 412px; height: 63px;\">\u00a0<\/td>\n<\/tr>\n<tr style=\"height: 63px;\">\n<td style=\"width: 61px; height: 63px;\">\u00a0<\/td>\n<td style=\"width: 347px; height: 63px;\">2nd: Stephen Phillips &#8211; University of Southampton<\/td>\n<td style=\"width: 412px; height: 63px;\">\u00a0<\/td>\n<\/tr>\n<tr style=\"height: 42px;\">\n<td style=\"width: 61px; height: 42px;\">\u00a0<\/td>\n<td style=\"width: 347px; height: 42px;\">3rd: Richard Maurer &#8211; University of Essex<\/td>\n<td style=\"width: 412px; height: 42px;\">\u00a0<\/td>\n<\/tr>\n<tr style=\"height: 63px;\">\n<td style=\"width: 61px; height: 63px;\">1998<\/td>\n<td style=\"width: 347px; height: 63px;\">1st: Nick Luscombe &#8211; Univeristy College, London<\/td>\n<td style=\"width: 412px; height: 63px;\">\u00a0<\/td>\n<\/tr>\n<tr style=\"height: 42px;\">\n<td style=\"width: 61px; height: 42px;\">\u00a0<\/td>\n<td style=\"width: 347px; height: 42px;\">2nd: Graham Tyrell &#8211; University of York<\/td>\n<td style=\"width: 412px; height: 42px;\">\u00a0<\/td>\n<\/tr>\n<tr style=\"height: 63px;\">\n<td style=\"width: 61px; height: 63px;\">\u00a0<\/td>\n<td style=\"width: 347px; height: 63px;\">3rd: Richard Henchman &#8211; University of Southampton<\/td>\n<td style=\"width: 412px; height: 63px;\">\u00a0<\/td>\n<\/tr>\n<tr style=\"height: 42px;\">\n<td style=\"width: 61px; height: 42px;\">1997<\/td>\n<td style=\"width: 347px; height: 42px;\">Charlotte Adcock &#8211; University of Oxford<\/td>\n<td style=\"width: 412px; height: 42px;\">\u00a0<\/td>\n<\/tr>\n<\/tbody>\n<\/table>\n\n\n\n\n","protected":false},"excerpt":{"rendered":"<p>\u00a0 Year Presentation Winners (Alphabetical Order) Poster Winners (Alphabetical Order) 2024 Finlay Clark (University of Edinburgh) Shubhangi Kandwal (Trinity College Dublin) \u00a0 Michael Strobl (TU Dortmund) Aleksy Kwiatkowski (Oxford University) \u00a0 Margaux Haon (University of Liverpool) \u00a0 2023 Peter E.G.F. Ibrahim (University of Dundee) Jaida Begum (University of Bristol) \u00a0 Anna J\u00e4ckering (Heinrich-Heine University in&hellip; <a href=\"https:\/\/www.mgms.org\/WordPress\/conferences\/past-meetings\/air-2024\/ymf-winners\/\" class=\"more-link\">Continue reading <span class=\"screen-reader-text\">Previous winners of the MGMS Young Modellers Forum<\/span><\/a><\/p>\n","protected":false},"author":5,"featured_media":0,"parent":1291,"menu_order":0,"comment_status":"closed","ping_status":"closed","template":"","meta":{"pmpro_default_level":"","jetpack_post_was_ever_published":false,"footnotes":""},"tags":[12],"class_list":["post-879","page","type-page","status-publish","hentry","tag-ymf","pmpro-has-access","without-featured-image"],"jetpack_sharing_enabled":true,"jetpack_shortlink":"https:\/\/wp.me\/P91jzT-eb","_links":{"self":[{"href":"https:\/\/www.mgms.org\/WordPress\/wp-json\/wp\/v2\/pages\/879","targetHints":{"allow":["GET"]}}],"collection":[{"href":"https:\/\/www.mgms.org\/WordPress\/wp-json\/wp\/v2\/pages"}],"about":[{"href":"https:\/\/www.mgms.org\/WordPress\/wp-json\/wp\/v2\/types\/page"}],"author":[{"embeddable":true,"href":"https:\/\/www.mgms.org\/WordPress\/wp-json\/wp\/v2\/users\/5"}],"replies":[{"embeddable":true,"href":"https:\/\/www.mgms.org\/WordPress\/wp-json\/wp\/v2\/comments?post=879"}],"version-history":[{"count":13,"href":"https:\/\/www.mgms.org\/WordPress\/wp-json\/wp\/v2\/pages\/879\/revisions"}],"predecessor-version":[{"id":2551,"href":"https:\/\/www.mgms.org\/WordPress\/wp-json\/wp\/v2\/pages\/879\/revisions\/2551"}],"up":[{"embeddable":true,"href":"https:\/\/www.mgms.org\/WordPress\/wp-json\/wp\/v2\/pages\/1291"}],"wp:attachment":[{"href":"https:\/\/www.mgms.org\/WordPress\/wp-json\/wp\/v2\/media?parent=879"}],"wp:term":[{"taxonomy":"post_tag","embeddable":true,"href":"https:\/\/www.mgms.org\/WordPress\/wp-json\/wp\/v2\/tags?post=879"}],"curies":[{"name":"wp","href":"https:\/\/api.w.org\/{rel}","templated":true}]}}